{"id":5,"date":"2022-07-17T17:28:20","date_gmt":"2022-07-17T20:28:20","guid":{"rendered":"http:\/\/rgbtecnologia.com.br\/?page_id=5"},"modified":"2024-01-04T10:33:51","modified_gmt":"2024-01-04T13:33:51","slug":"rgb","status":"publish","type":"page","link":"https:\/\/rgbtecnologia.com.br\/","title":{"rendered":"RGB Tecnologia em Processos de Neg\u00f3cio"},"content":{"rendered":"\n<div class=\"wp-block-cover alignfull has-background-color-background-color has-background-dim hestia-clear-top-padding\"><div class=\"wp-block-cover__inner-container\">\n<h3 class=\"has-text-align-center has-text-color\" style=\"color:#3c4858\">Tecnologias e Servi\u00e7os<\/h3>\n\n\n\n<div style=\"height:40px\" aria-hidden=\"true\" class=\"wp-block-spacer\"><\/div>\n\n\n\n<div class=\"wp-block-columns container\">\n<div class=\"wp-block-column\">\n<div class=\"wp-block-image\"><figure class=\"aligncenter size-large\"><img src=\"http:\/\/rgbtecnologia.com.br\/wp-content\/themes\/hestia\/assets\/img\/feat1.png\" alt=\"\" class=\"wp-image-70\"\/><\/figure><\/div>\n\n\n\n<h5 class=\"has-text-align-center has-text-color\" style=\"color:#3c4858;font-size:18px\">BPMS<\/h5>\n\n\n\n<p class=\"has-text-align-center has-text-color\" style=\"color:#999999;font-size:14px\">Automatize seus processos de neg\u00f3cio e ganhe efici\u00eancia, controle e conformidade em suas atividades.<\/p>\n\n\n\n<div style=\"height:25px\" aria-hidden=\"true\" class=\"wp-block-spacer\"><\/div>\n<\/div>\n\n\n\n<div class=\"wp-block-column\">\n<div class=\"wp-block-image\"><figure class=\"aligncenter size-large\"><img src=\"http:\/\/rgbtecnologia.com.br\/wp-content\/themes\/hestia\/assets\/img\/feat2.png\" alt=\"\" class=\"wp-image-71\"\/><\/figure><\/div>\n\n\n\n<h5 class=\"has-text-align-center has-text-color\" style=\"color:#3c4858;font-size:18px\">Low-Code e No-Code<\/h5>\n\n\n\n<p class=\"has-text-align-center has-text-color\" style=\"color:#999999;font-size:14px\">Desenvolvimento 10x mais r\u00e1pido. Transforme seus processos em aplicativos de forma f\u00e1cil e \u00e1gil.<\/p>\n\n\n\n<div style=\"height:25px\" aria-hidden=\"true\" class=\"wp-block-spacer\"><\/div>\n<\/div>\n\n\n\n<div class=\"wp-block-column\">\n<div class=\"wp-block-image\"><figure class=\"aligncenter size-large\"><img src=\"http:\/\/rgbtecnologia.com.br\/wp-content\/themes\/hestia\/assets\/img\/feat3.png\" alt=\"\" class=\"wp-image-72\"\/><\/figure><\/div>\n\n\n\n<h5 class=\"has-text-align-center has-text-color\" style=\"color:#3c4858;font-size:18px\">Integra\u00e7\u00f5es<\/h5>\n\n\n\n<p class=\"has-text-align-center has-text-color\" style=\"color:#999999;font-size:14px\">Seus processos de neg\u00f3cio se comunicando com todos os seus sistemas.<\/p>\n\n\n\n<div style=\"height:25px\" aria-hidden=\"true\" class=\"wp-block-spacer\"><\/div>\n<\/div>\n<\/div>\n\n\n\n<div style=\"height:40px\" aria-hidden=\"true\" class=\"wp-block-spacer\"><\/div>\n<\/div><\/div>\n\n\n\n<div class=\"wp-block-group alignfull has-white-background-color has-background\"><div class=\"wp-block-group__inner-container\">\n<div class=\"wp-block-columns container\">\n<div class=\"wp-block-column col-md-5\">\n<h3 class=\"has-text-align-center\">Por que escolher a RGB<\/h3>\n\n\n\n<div class=\"wp-block-group\"><div class=\"wp-block-group__inner-container\">\n<ul><li>S\u00e3o 12 anos de experi\u00eancia em projetos de transforma\u00e7\u00e3o digital atrav\u00e9s da automatiza\u00e7\u00e3o de processos<\/li><li>Cases de sucesso em diferentes segmentos<\/li><li>R\u00e1pido retorno sobre o investimento<\/li><li>Modalidades de contrata\u00e7\u00e3o adaptadas \u00e0 sua necessidade<\/li><li>Servi\u00e7os com garantia<\/li><li>Suporte dispon\u00edvel 24\/7<\/li><\/ul>\n<\/div><\/div>\n<\/div>\n<\/div>\n<\/div><\/div>\n\n\n\n<div class=\"wp-block-group\"><div class=\"wp-block-group__inner-container\">\n<div class=\"wp-block-columns container\">\n<div class=\"wp-block-column col-md-6 col-md-offset1\">\n\r\n                <h4 class=\"wpwax-lsu-title\">Clientes que confiam em nosso trabalho<\/h4>\r\n        \r\n            <div class=\"wpwax-lsu-ultimate wpwax-lsu-hover-active wpwax-lsu-grid wpwax-lsu-carousel-theme-1 wpwax-lsu-carousel wpwax-lsu-carousel-theme-1 wpwax-lsu-carousel-nav-top \"\r\n                            data-lsu-items      = \"5\"\r\n                data-lsu-margin     = \"20\" \r\n                data-lsu-loop       = \"true\" \r\n                data-lsu-perslide   = \"1\"\r\n                data-lsu-speed      = \"1250\"\r\n                data-lsu-autoplay   = '\r\n                                {\r\n                    \"delay\": \"1250\",\r\n                    \"pauseOnMouseEnter\": true,\r\n                    \"disableOnInteraction\": false,\r\n                    \"stopOnLastSlide\": true,\r\n                    \"reverseDirection\": false                }\r\n                                '\r\n                data-lsu-responsive ='{\r\n                    \"0\": {\"slidesPerView\": \"2\",  \"slidesPerGroup\": \"1\", \"spaceBetween\": \"15\"}, \r\n                    \"768\": {\"slidesPerView\": \"3\",  \"slidesPerGroup\": \"1\", \"spaceBetween\": \"15\"}, \r\n                    \"979\": {\"slidesPerView\": \"4\",  \"slidesPerGroup\": \"1\", \"spaceBetween\": \"20\"}, \r\n                    \"1199\": {\"slidesPerView\": \"4\",  \"slidesPerGroup\": \"1\", \"spaceBetween\": \"30\"}\r\n                }'\r\n                        >\r\n\r\n                <div class=\"swiper-wrapper\">\r\n\r\n                    \r\n                    <div class=\"wpwax-lsu-item wpwax-lsu-item-bordered swiper-slide\">\r\n\r\n    <div class=\"wpwax-lsu-item-inner\" data-bs-toggle=\"tooltip\" data-bs-placement=\"top\"\r\n        title=\"Clube Atl\u00e9tico Monte L\u00edbano\">\r\n        \r\n        <a href=\"https:\/\/caml.com.br\/\" target=\"_blank\">\r\n\r\n            <img src=\"https:\/\/rgbtecnologia.com.br\/wp-content\/uploads\/2024\/03\/MonteLibano_Logo.png\" alt=\"Clube Atl\u00e9tico Monte L\u00edbano\">\r\n            \r\n        <\/a>\r\n\r\n    <\/div>\r\n\r\n<\/div>\r\n\r\n        \r\n    \r\n\r\n                    <div class=\"wpwax-lsu-item wpwax-lsu-item-bordered swiper-slide\">\r\n\r\n    <div class=\"wpwax-lsu-item-inner\" data-bs-toggle=\"tooltip\" data-bs-placement=\"top\"\r\n        title=\"Via\u00e7\u00e3o Andrade\">\r\n        \r\n        <a href=\"http:\/\/viacaoandrade.com.br\/\" target=\"_blank\">\r\n\r\n            <img src=\"https:\/\/rgbtecnologia.com.br\/wp-content\/uploads\/2022\/08\/Logo-Andrade-1.png\" alt=\"Via\u00e7\u00e3o Andrade\">\r\n            \r\n        <\/a>\r\n\r\n    <\/div>\r\n\r\n<\/div>\r\n\r\n        \r\n    \r\n\r\n                    <div class=\"wpwax-lsu-item wpwax-lsu-item-bordered swiper-slide\">\r\n\r\n    <div class=\"wpwax-lsu-item-inner\" data-bs-toggle=\"tooltip\" data-bs-placement=\"top\"\r\n        title=\"Objetiva Administradora de Condom\u00ednios\">\r\n        \r\n        <a href=\"https:\/\/www.objetivacondominio.com.br\/\" target=\"_blank\">\r\n\r\n            <img src=\"https:\/\/rgbtecnologia.com.br\/wp-content\/uploads\/2022\/08\/Logo-Objetiva-2.png\" alt=\"Objetiva Administradora de Condom\u00ednios\">\r\n            \r\n        <\/a>\r\n\r\n    <\/div>\r\n\r\n<\/div>\r\n\r\n        \r\n    \r\n\r\n                    <div class=\"wpwax-lsu-item wpwax-lsu-item-bordered swiper-slide\">\r\n\r\n    <div class=\"wpwax-lsu-item-inner\" data-bs-toggle=\"tooltip\" data-bs-placement=\"top\"\r\n        title=\"Imobili\u00e1ria Brietzig\">\r\n        \r\n        <a href=\"https:\/\/www.brietzig.com.br\/\" target=\"_blank\">\r\n\r\n            <img src=\"https:\/\/rgbtecnologia.com.br\/wp-content\/uploads\/2022\/08\/Logo-Brietzig.png\" alt=\"Imobili\u00e1ria Brietzig\">\r\n            \r\n        <\/a>\r\n\r\n    <\/div>\r\n\r\n<\/div>\r\n\r\n        \r\n    \r\n\r\n                    <div class=\"wpwax-lsu-item wpwax-lsu-item-bordered swiper-slide\">\r\n\r\n    <div class=\"wpwax-lsu-item-inner\" data-bs-toggle=\"tooltip\" data-bs-placement=\"top\"\r\n        title=\"Invest Solar\">\r\n        \r\n        <a href=\"https:\/\/www.investsolar.com.br\/\" target=\"_blank\">\r\n\r\n            <img src=\"https:\/\/rgbtecnologia.com.br\/wp-content\/uploads\/2022\/08\/Logo-Invest-Solar.png\" alt=\"Invest Solar\">\r\n            \r\n        <\/a>\r\n\r\n    <\/div>\r\n\r\n<\/div>\r\n\r\n        \r\n    \r\n\r\n                    <div class=\"wpwax-lsu-item wpwax-lsu-item-bordered swiper-slide\">\r\n\r\n    <div class=\"wpwax-lsu-item-inner\" data-bs-toggle=\"tooltip\" data-bs-placement=\"top\"\r\n        title=\"Instituto Esp\u00edrita Batu\u00edra de Sa\u00fade Mental\">\r\n        \r\n        <a href=\"https:\/\/batuira.org.br\/\" target=\"_blank\">\r\n\r\n            <img src=\"https:\/\/rgbtecnologia.com.br\/wp-content\/uploads\/2022\/08\/Logo-Batuira-1.png\" alt=\"Instituto Esp\u00edrita Batu\u00edra de Sa\u00fade Mental\">\r\n            \r\n        <\/a>\r\n\r\n    <\/div>\r\n\r\n<\/div>\r\n\r\n        \r\n    \r\n        \r\n                <\/div>\r\n                <div class=\"wpwax-lsu-carousel-nav wpwax-lsu-carousel-nav--top-right\">\r\n\r\n    <div class=\"wpwax-lsu-carousel-nav__btn wpwax-lsu-carousel-nav__btn-prev\">\r\n\r\n        <img src=\"https:\/\/rgbtecnologia.com.br\/wp-content\/plugins\/logo-showcase-ultimate\/assets\/icons\/arrow-left.svg\" alt=\"\" class=\"wpwax-lsu-svg\">\r\n\r\n    <\/div>\r\n\r\n    <div class=\"wpwax-lsu-carousel-nav__btn wpwax-lsu-carousel-nav__btn-next\">\r\n\r\n        <img src=\"https:\/\/rgbtecnologia.com.br\/wp-content\/plugins\/logo-showcase-ultimate\/assets\/icons\/arrow-right.svg\" alt=\"\" class=\"wpwax-lsu-svg\">\r\n\r\n    <\/div>\r\n\r\n<\/div>            <\/div>\r\n\r\n            \n<\/div>\n<\/div>\n<\/div><\/div>\n\n\n\n<h3 class=\"has-text-align-center\">O que dizem os nossos clientes<\/h3>\n\n\n\n<div class=\"bne-testimonial-wrapper testimonial-wrapper-id-404 testimonial-layout-list testimonial-theme-default testimonial-left testimonial-arrangement-1 testimonial-category-all  clearfix\"><div id=\"testimonial-id-167\" class=\"testimonial-single clearfix\"><div class=\"testimonial-author\"><span class=\"testimonial-name\">Cleiton Brietzig<\/span><span class=\"testimonial-website\"><a href=\"https:\/\/www.brietzig.com.br\/\" target=\"_blank\" title=\"Imobili\u00e1ria Brietzig\" rel=\"nofollow\">Imobili\u00e1ria Brietzig<\/a><\/span><\/div><div class=\"testimonial-content\"><div class=\"testimonial-message\"><p><img src=\"http:\/\/rgbtecnologia.com.br\/wp-content\/uploads\/2024\/03\/Logo-Brietzig.png\" alt=\"\" width=\"245\" height=\"103\" class=\"alignnone size-full wp-image-168\" \/><\/p>\n<p>A assessoria da RGB est\u00e1 sendo fundamental para obtermos maior aproveitamento de nossa ferramenta de BPM. O conhecimento t\u00e9cnico e disponibilidade da equipe nos permitiu obter mais aprofundamento e abrang\u00eancia dos processos mapeados, resultando em redu\u00e7\u00e3o de custos, maior agilidade e melhor qualidade.<\/p>\n<\/div><\/div><div class=\"clear\"><\/div><\/div><div id=\"testimonial-id-143\" class=\"testimonial-single clearfix\"><div class=\"testimonial-author\"><span class=\"testimonial-name\">S\u00e9rgio Haas<\/span><span class=\"testimonial-website\"><a href=\"https:\/\/batuira.org.br\/\" target=\"_blank\" title=\"Instituto Batu\u00edra\" rel=\"nofollow\">Instituto Batu\u00edra<\/a><\/span><\/div><div class=\"testimonial-content\"><div class=\"testimonial-message\"><p><img src=\"http:\/\/rgbtecnologia.com.br\/wp-content\/uploads\/2022\/08\/Logo-Batuira-2-300x56.png\" alt=\"\" width=\"300\" height=\"56\" class=\"alignnone size-medium wp-image-98\" \/><\/p>\n<p><span>A equipe da RGB foi incr\u00edvel em entender nossas necessidades, implementar solu\u00e7\u00f5es eficientes e melhorar drasticamente nossos fluxos de trabalho. A comunica\u00e7\u00e3o foi \u00f3tima, e o suporte cont\u00ednuo fez toda a diferen\u00e7a. Recomendo totalmente!<\/span><\/p>\n<\/div><\/div><div class=\"clear\"><\/div><\/div><\/div><!-- .bne-testimonials-wrapper (end) -->\n","protected":false},"excerpt":{"rendered":"<p>Por que escolher a RGB S\u00e3o 12 anos de experi\u00eancia em projetos de transforma\u00e7\u00e3o digital atrav\u00e9s da automatiza\u00e7\u00e3o de processos Cases de sucesso em diferentes segmentos R\u00e1pido retorno sobre o investimento Modalidades de contrata\u00e7\u00e3o adaptadas \u00e0 sua necessidade Servi\u00e7os com garantia Suporte dispon\u00edvel 24\/7 O que dizem os nossos clientes<\/p>\n","protected":false},"author":1,"featured_media":0,"parent":0,"menu_order":0,"comment_status":"closed","ping_status":"closed","template":"","meta":[],"_links":{"self":[{"href":"https:\/\/rgbtecnologia.com.br\/index.php?rest_route=\/wp\/v2\/pages\/5"}],"collection":[{"href":"https:\/\/rgbtecnologia.com.br\/index.php?rest_route=\/wp\/v2\/pages"}],"about":[{"href":"https:\/\/rgbtecnologia.com.br\/index.php?rest_route=\/wp\/v2\/types\/page"}],"author":[{"embeddable":true,"href":"https:\/\/rgbtecnologia.com.br\/index.php?rest_route=\/wp\/v2\/users\/1"}],"replies":[{"embeddable":true,"href":"https:\/\/rgbtecnologia.com.br\/index.php?rest_route=%2Fwp%2Fv2%2Fcomments&post=5"}],"version-history":[{"count":43,"href":"https:\/\/rgbtecnologia.com.br\/index.php?rest_route=\/wp\/v2\/pages\/5\/revisions"}],"predecessor-version":[{"id":165,"href":"https:\/\/rgbtecnologia.com.br\/index.php?rest_route=\/wp\/v2\/pages\/5\/revisions\/165"}],"wp:attachment":[{"href":"https:\/\/rgbtecnologia.com.br\/index.php?rest_route=%2Fwp%2Fv2%2Fmedia&parent=5"}],"curies":[{"name":"wp","href":"https:\/\/api.w.org\/{rel}","templated":true}]}}